 3 + -11131?
-11122
In base 14, what is 2bb + 2?
2bd
In base 16, what is 42e + -2?
42c
In base 10, what is -31987 - 0?
-31987
In base 2, what is -10001 - -10010100?
10000011
In base 2, what is -1000110100001 + -100?
-1000110100101
In base 9, what is 21 + -17?
3
In base 13, what is -2 - 1039?
-103b
In base 4, what is 110121 + 13?
110200
In base 10, what is -2 + 225?
223
In base 10, what is 3769 - 2?
3767
In base 13, what is -25 - -18?
-a
In base 14, what is -15 - 1?
-16
In base 11, what is 235 - 5?
230
In base 2, what is -1010001101 + -11?
-1010010000
In base 6, what is 0 + 340?
340
In base 12, what is 1 - -51a9?
51aa
In base 4, what is 20 - -3?
23
In base 11, what is -83 + -5?
-88
In base 14, what is -d - 714?
-723
In base 4, what is -13 - 12002?
-12021
In base 3, what is 11 + -1222121?
-1222110
In base 4, what is 120310 - -3?
120313
In base 2, what is 111010100010011 - 101?
111010100001110
In base 8, what is -476 + 4?
-472
In base 9, what is -1480 - 3?
-1483
In base 3, what is -1 - -1021?
1020
In base 13, what is 10 + 1?
11
In base 16, what is 0 + -44b?
-44b
In base 9, what is 2 + 1016?
1018
In base 6, what is -1 + 45?
44
In base 10, what is -66 - 10?
-76
In base 15, what is -5 - -16?
11
In base 3, what is -2001 - -20?
-1211
In base 10, what is -6471 - 4?
-6475
In base 12, what is 2 + 852?
854
In base 3, what is 112 + 200211?
201100
In base 6, what is 201 + -5?
152
In base 8, what is -5 + -1145?
-1152
In base 12, what is ab - -2?
b1
In base 7, what is 3 + 4?
10
In base 2, what is -1011010 - 10?
-1011100
In base 9, what is -187 - 30?
-227
In base 16, what is -15a + 4?
-156
In base 6, what is -141 + 102?
-35
In base 9, what is -6 - 350?
-356
In base 9, what is 365 - -5?
371
In base 9, what is 8051 + -3?
8047
In base 14, what is -1 + -25ad?
-25b0
In base 9, what is 32 - 17?
14
In base 11, what is 443 + 2a?
472
In base 6, what is -10 + -4?
-14
In base 2, what is 101011100010 - 1?
101011100001
In base 13, what is a - 1?
9
In base 14, what is -13 - -6?
-b
In base 2, what is 1011010 - 1001?
1010001
In base 12, what is -6ab2 - 5?
-6ab7
In base 7, what is 4 - 411?
-404
In base 2, what is 100 - -1010010?
1010110
In base 12, what is -1 + -1b9?
-1ba
In base 13, what is -453 + 3?
-450
In base 16, what is 1 - 5b?
-5a
In base 4, what is 10 - 13232?
-13222
In base 7, what is -13 + -3?
-16
In base 6, what is -3425 + -23?
-3452
In base 8, what is -2 + 4?
2
In base 16, what is 9 + -3?
6
In base 15, what is 212 - -b?
21d
In base 6, what is -5430 + 4?
-5422
In base 11, what is -8 + 12?
5
In base 5, what is 4 + 1424?
1433
In base 4, what is -120 - 133?
-313
In base 13, what is -1 + 535?
534
In base 15, what is -2 - -2b?
29
In base 5, what is 103 - 342?
-234
In base 14, what is -7c + -4?
-82
In base 14, what is -5 + -a5?
-aa
In base 4, what is -13003 - 10?
-13013
In base 10, what is 6 + 65?
71
In base 4, what is 130 + 1?
131
In base 12, what is 29 - 23?
6
In base 3, what is 11 + -21?
-10
In base 8, what is -12405 - 0?
-12405
In base 15, what is -d + 16?
8
In base 12, what is 1 - 1a8?
-1a7
In base 16, what is 2 + 10cd?
10cf
In base 10, what is -4 - 85?
-89
In base 8, what is 1 - -356?
357
In base 10, what is 437 + -4?
433
In base 9, what is -212 + -5?
-217
In base 14, what is 2 + 342?
344
In base 14, what is 710a - 2?
7108
In base 2, what is -110110000 - 11?
-110110011
In base 12, what is 3 + 3bb?
402
In base 10, what is 25 - 5?
20
In base 7, what is -35 - -1?
-34
In base 16, what is 0 - 44?
-44
In base 8, what is -1 + -631?
-632
In base 5, what is 20 + 130?
200
In base 9, what is 50 + -267?
-217
In base 16, what is -4a - 4?
-4e
In base 15, what is 10e + -3?
10b
In base 5, what is -120 - -431?
311
In base 6, what is 12451 + -2?
12445
In base 8, what is 1774 - 1?
1773
In base 4, what is 2331130 + 2?
2331132
In base 2, what is -1 + 10111?
10110
In base 8, what is 152 + -3?
147
In base 14, what is -3 + a?
7
In base 3, what is -11 + -11021?
-11102
In base 11, what is 5 - 150?
-146
In base 3, what is 101 - -100?
201
In base 11, what is -9 - -1808?
17aa
In base 7, what is 2 + 421?
423
In base 5, what is -101131 - 2?
-101133
In base 9, what is -35 - 8?
-44
In base 7, what is -5 - -310?
302
In base 13, what is b + -5?
6
In base 13, what is -75 - -6?
-6c
In base 9, what is -11367 - 1?
-11368
In base 15, what is 2 - -b8?
ba
In base 14, what is -2 + 16?
14
In base 14, what is -1b7 + 4?
-1b3
In base 14, what is a6 + -6?
a0
In base 9, what is -4113 - -5?
-4107
In base 16, what is 2 - -118f?
1191
In base 14, what is -74 - 10?
-84
In base 14, what is -5 + -1b?
-22
In base 6, what is 3 - -1500?
1503
In base 12, what is 3 - 216b?
-2168
In base 16, what is -3 + -2b?
-2e
In base 13, what is -6 + c6?
c0
In base 2, what is 100 - -1010010?
1010110
In base 9, what is -1623 - -1?
-1622
In base 3, what is 20 - -10?
100
In base 16, what is 1c77 + 5?
1c7c
In base 9, what is -3 - 3?
-6
In base 16, what is d - d1?
-c4
In base 9, what is -1133 + -5?
-1138
In base 16, what is -38a - 4?
-38e
In base 14, what is 3c0 + 3?
3c3
In base 11, what is -3 - 29?
-31
In base 10, what is -5 - -67?
62
In base 8, what is 2 - -2300?
2302
In base 8, what is 5253 - 0?
5253
In base 15, what is -a6 + -4?
-aa
In base 10, what is -21 + -357?
-378
In base 7, what is -66 + -664?
-1063
In base 15, what is e - 5?
9
In base 5, what is 4122 - -4?
4131
In base 7, what is 210 + -1?
206
In base 13, what is -1 - -8?
7
In base 8, what is 2253 + 1?
2254
In base 10, what is -3 + 101?
98
In base 13, what is -1 - c20?
-c21
In base 13, what is 22 - 2a?
-8
In base 10, what is 24 + 189?
213
In base 2, what is 101010100 - 101?
101001111
In base 13, what is 261 + 1?
262
In base 6, what is 11144 - 4?
11140
In base 11, what is 3943 - 0?
3943
In base 16, what is 0 - 64?
-64
In base 9, what is 12812 - 2?
12810
In base 5, what is -32323 + 3?
-32320
In base 9, what is 4224 - -2?
4226
In base 4, what is 2 - 220?
-212
In base 4, what is -10230 + 32?
-10132
In base 4, what is -3003 - 1?
-3010
In base 13, what is 17c - 3?
179
In base 13, what is 2 - 88?
-86
In base 5, what is 1 + 22010?
22011
In base 9, what is 487 - 6?
481
In base 2, what is 100011110 + -110?
100011000
In base 10, what is 17 - -141?
158
In base 7, what is -51 - 2460?
-2541
In base 11, what is -16 + 481?
466
In base 5, what is 100420 - 1?
100414
In base 10, what is 1556 + -7?
1549
In base 10, what is -202 - 3?
-205
In base 3, what is 2000210 + -12?
2000121
In base 15, what is -157 - -1?
-156
In base 13, what is -4 + -93?
-97
In base 7, what is 44 + 20?
64
In base 4, what is 1110 - 12?
1032
In base 2, what is 1101 - -100011001?
100100110
In base 12, what is 4 + -745?
-741
In base 15, what is -a0 + -5?
-a5
In base 6, what is -4 - -4?
0
In base 14, what is -1 + -c3?
-c4
In base 5, what is -1 - 132?
-133
In base 16, what is -7 + -1d?
-24
In base 11, what is -3 - 12a?
-132
In base 3, what is 1 + 121?
122
In base 7, what is -2 - -435?
433
In base 13, what is 7b - 2?
79
In base 12, what is -2207 - -4?
-2203
In base 8, what is 0 - 573?
-573
In base 15, what is d0 + -18?
b7
In base 7, what is -21652 + -2?
-21654
In base 5, what is 1 - 224?
-223
In base 9, what is -3 - 10?
-13
In base 16, what is -2c + -209?
-235
In base 10, what is -7 + -72?
-79
In base 16, what is -2 - -17?
15
In base 15, what is 7d - -4?
82
In base 11, what is -2 - 626?
-628
In base 13, what is -1905 - 2?
-1907
In base 2, what is -1 - 1000101?
-1000110
In base 6, what is 1 + 125?
130
In base 14, what is 25d - -1?
260
In base 5, what is -14200 + 0?
-14200
In base 8, what is 0 + 1011?
1011
In base 3, what is 222012 + -1?
222011
In base 5, what is -42 - -11?
-31
In base 8, what is 4 - 1177?
-1173
In base 16, what is 67 + 27?
8e
In base 11, what is 150 - 15?
136
In base 16, what is 1a + 26a?
284
In base 14, what is 4 - 371?
-36b
In base 3, what is -1102 - -20210?
12101
In base 6, what is -1112 - 3?
-1115
In base 12, what is -14b - -11?
-13a
In base 11, what is 217a5 - -1?
217a6
In base 13, what is -2 - -2326?
2324
In base 13, what is -11 - 5aa?
-5bb
In base 16, what is 6d + 0?
6d
In base 2, what is -10 - -1111100110?
1111100100
In base 3, what is -1101 - 0?
-1101
In base 16, what is 0 + -d?
-d
In base 11, what is -107 + -123?
-22a
In base 4, what is -20 + 1?
-13
In base 16, what is a + -4ea?
-4e0
In base 3, what is 1000